mmon factor of 24 and 996?
12
What is the greatest common factor of 1408 and 4664?
88
Calculate the highest common divisor of 880 and 280.
40
What is the highest common divisor of 578 and 10?
2
Calculate the greatest common factor of 58 and 130.
2
What is the greatest common divisor of 19 and 76?
19
What is the greatest common factor of 240 and 4860?
60
Calculate the highest common divisor of 142 and 42458.
142
What is the greatest common divisor of 120 and 15?
15
Calculate the highest common divisor of 106 and 18.
2
Calculate the greatest common divisor of 2988 and 24.
12
Calculate the highest common divisor of 824 and 248.
8
What is the greatest common divisor of 775 and 682?
31
Calculate the greatest common factor of 164 and 205.
41
What is the greatest common factor of 22 and 88?
22
Calculate the greatest common factor of 6 and 102.
6
What is the highest common divisor of 66 and 12?
6
Calculate the highest common factor of 46008 and 54.
54
What is the highest common divisor of 1792 and 32?
32
What is the greatest common factor of 897 and 52?
13
What is the highest common divisor of 81 and 189?
27
Calculate the highest common factor of 79 and 1027.
79
What is the greatest common factor of 35 and 95?
5
Calculate the greatest common factor of 85 and 24565.
85
Calculate the highest common divisor of 864 and 54.
54
What is the greatest common factor of 69 and 12?
3
Calculate the greatest common divisor of 2015 and 65.
65
What is the greatest common factor of 44 and 2276?
4
What is the greatest common factor of 45 and 657?
9
What is the greatest common divisor of 2000 and 750?
250
What is the greatest common divisor of 304 and 912?
304
What is the highest common divisor of 2079 and 44?
11
What is the greatest common divisor of 168 and 56?
56
What is the highest common factor of 667 and 253?
23
What is the highest common factor of 459 and 18?
9
Calculate the highest common factor of 2120 and 40.
40
What is the greatest common factor of 219 and 159?
3
What is the greatest common divisor of 8052 and 55?
11
Calculate the highest common divisor of 3139 and 73.
73
Calculate the highest common divisor of 240 and 144.
48
Calculate the highest common divisor of 90 and 150.
30
Calculate the highest common factor of 1560 and 15.
15
What is the highest common factor of 3 and 849?
3
What is the greatest common factor of 494 and 228?
38
Calculate the greatest common factor of 1120 and 385.
35
What is the highest common divisor of 170 and 68?
34
Calculate the highest common divisor of 151 and 17063.
151
What is the highest common factor of 399 and 63?
21
What is the greatest common factor of 110 and 88?
22
Calculate the greatest common factor of 423 and 188.
47
What is the highest common divisor of 22 and 1694?
22
What is the highest common divisor of 121 and 44?
11
Calculate the greatest common factor of 54 and 7092.
18
Calculate the highest common factor of 31115 and 245.
245
What is the greatest common factor of 52 and 26?
26
What is the greatest common factor of 20 and 220?
20
What is the highest common factor of 153 and 18?
9
Calculate the greatest common factor of 46 and 253.
23
Calculate the highest common factor of 6556 and 44.
44
What is the highest common factor of 377 and 667?
29
What is the greatest common factor of 9790 and 110?
110
What is the greatest common factor of 266 and 42?
14
What is the greatest common factor of 19 and 19?
19
What is the greatest common factor of 85 and 34?
17
Calculate the greatest common divisor of 45 and 3645.
45
What is the greatest common divisor of 936 and 252?
36
What is the highest common divisor of 15 and 195?
15
Calculate the greatest common factor of 60 and 10.
10
What is the greatest common divisor of 17 and 2278?
17
What is the greatest common divisor of 1677 and 39?
39
What is the greatest common factor of 208 and 2?
2
What is the highest common factor of 3 and 13?
1
Calculate the greatest common divisor of 2 and 197.
1
What is the highest common divisor of 10 and 25?
5
What is the highest common factor of 357 and 672?
21
What is the highest common factor of 57 and 5814?
57
Calculate the greatest common factor of 1752 and 24.
24
What is the highest common divisor of 375 and 1250?
125
Calculate the highest common factor of 287 and 14.
7
What is the highest common factor of 876 and 4?
4
Calculate the greatest common factor of 105 and 3.
3
Calculate the highest common factor of 176 and 272.
16
What is the greatest common divisor of 6182 and 66?
22
Calculate the highest common divisor of 48 and 17016.
24
What is the greatest common factor of 567 and 273?
21
Calculate the greatest common factor of 4 and 20224.
4
What is the highest common factor of 3 and 675?
3
Calculate the greatest common divisor of 17 and 17.
17
What is the greatest common factor of 351 and 45?
9
Calculate the greatest common factor of 75 and 3650.
25
Calculate the greatest common divisor of 61 and 122.
61
What is the greatest common divisor of 126 and 273?
21
What is the highest common divisor of 147 and 3003?
21
What is the greatest common factor of 2493 and 3047?
277
Calculate the highest common factor of 306 and 3264.
102
Calculate the greatest common factor of 14 and 56.
14
Calculate the greatest common divisor of 304 and 3104.
16
Calculate the greatest common divisor of 728 and 819.
91
What is the highest common factor of 10664 and 1736?
248
What is the highest common divisor of 130 and 19318?
26
Calculate the highest common factor of 143 and 13.
13
Calculate the greatest common factor of 152 and 184.
8
Calculate the greatest common factor of 9 and 381.
3
Calculate the highest common factor of 141 and 19599.
141
Calculate the highest common factor of 10 and 16690.
10
Calculate the greatest common factor of 12 and 636.
12
What is the greatest common divisor of 7 and 4032?
7
What is the highest common factor of 39 and 303?
3
Calculate the highest common factor of 258 and 7310.
86
What is the greatest common divisor of 350 and 75?
25
What is the highest common divisor of 299 and 169?
13
Calculate the highest common factor of 2496 and 384.
192
Calculate the greatest common factor of 7038 and 136.
34
Calculate the highest common divisor of 186 and 65658.
186
What is the highest common divisor of 136 and 153?
17
Calculate the greatest common divisor of 71 and 73.
1
What is the greatest common factor of 76 and 1634?
38
Calculate the highest common factor of 375 and 10.
5
Calculate the highest common factor of 207 and 27.
9
Calculate the highest common factor of 96 and 324.
12
What is the highest common factor of 77 and 7?
7
What is the highest common factor of 8 and 5?
1
What is the greatest common factor of 11 and 33?
11
What is the greatest common factor of 529 and 23?
23
Calculate the highest common divisor of 14 and 567.
7
What is the highest common factor of 148 and 32?
4
What is the highest common divisor of 27 and 57?
3
Calculate the greatest common factor of 63873 and 141.
141
Calculate the highest common factor of 92 and 7682.
46
What is the greatest common factor of 120 and 1230?
30
Calculate the highest common divisor of 533 and 78.
13
Calculate the greatest common divisor of 57 and 23313.
57
What is the highest common factor of 57 and 5073?
57
Calculate the highest common divisor of 64 and 16.
16
Calculate the highest common factor of 290 and 6235.
145
What is the highest common divisor of 25 and 25?
25
Calculate the highest common factor of 115 and 5.
5
Calculate the highest common factor of 1133 and 22.
11
What is the highest common divisor of 96 and 7776?
96
What is the highest common divisor of 2415 and 420?
105
What is the highest common divisor of 280 and 13720?
280
What is the highest common divisor of 78 and 1742?
26
Calculate the highest common factor of 22 and 99.
11
What is the highest common factor of 189 and 81?
27
What is the greatest common factor of 244 and 17446?
122
Calculate the highest common factor of 352 and 396.
44
What is the highest common factor of 177 and 413?
59
Calculate the greatest common divisor of 445 and 712.
89
What is the highest common factor of 84 and 196?
28
Calculate the greatest common factor of 210 and 16590.
210
What is the highest common factor of 480 and 3480?
120
Calculate the high